 to base 5
-12233
Convert 4b5 (base 12) to base 10.
713
121124 (base 9) to base 7
422560
1860 (base 16) to base 8
14140
What is 10000010000111 (base 2) in base 13?
3a37
What is -2aa65 (base 12) in base 3?
-10001200012
What is 52e (base 15) in base 11?
973
288 (base 14) to base 16
200
-3678 (base 9) to base 3
-10202122
Convert -1102001 (base 3) to base 5.
-13102
Convert 2367 (base 12) to base 3.
12102221
Convert 2044 (base 6) to base 3.
122001
-31443 (base 5) to base 12
-128b
What is 34341 (base 6) in base 4?
1030111
Convert -710 (base 12) to base 4.
-33330
Convert 1033000 (base 4) to base 7.
20512
What is 203250 (base 6) in base 14?
5d26
Convert 62637 (base 9) to base 8.
120600
Convert -242a (base 15) to base 14.
-2b34
Convert 19a (base 15) to base 14.
1c6
What is 220 (base 10) in base 5?
1340
What is 6874 (base 15) in base 13?
a117
What is -98 (base 10) in base 7?
-200
-36 (base 9) to base 13
-27
-3042 (base 8) to base 15
-6ea
Convert -3303 (base 8) to base 2.
-11011000011
Convert -273 (base 12) to base 14.
-1cb
-64425 (base 7) to base 11
-1101a
What is -21433 (base 8) in base 16?
-231b
Convert -279 (base 14) to base 11.
-414
What is -9199 (base 10) in base 4?
-2033233
Convert -489 (base 13) to base 5.
-11124
69db (base 16) to base 13
c447
What is 37520 (base 8) in base 2?
11111101010000
Convert 25c (base 15) to base 5.
4122
112220 (base 3) to base 16
192
Convert 1002 (base 4) to base 7.
123
Convert -565 (base 9) to base 14.
-252
What is -10133 (base 4) in base 15?
-142
Convert -636 (base 16) to base 3.
-2011220
-147 (base 14) to base 3
-100121
Convert 2322113 (base 4) to base 14.
44bd
What is -200440 (base 5) in base 12?
-382a
2346 (base 10) to base 2
100100101010
What is -15c7c (base 16) in base 7?
-521044
What is -204 (base 13) in base 11?
-291
21320 (base 4) to base 2
1001111000
Convert -22122 (base 7) to base 15.
-19a3
Convert 4712 (base 13) to base 6.
114122
Convert 4200 (base 5) to base 3.
202101
Convert 101344 (base 5) to base 12.
1b31
Convert -4212 (base 15) to base 13.
-6485
What is 1023 (base 7) in base 3?
111100
Convert -222121 (base 4) to base 13.
-1309
15231 (base 11) to base 5
1142242
30 (base 16) to base 2
110000
-972 (base 10) to base 9
-1300
-3aa (base 13) to base 7
-1613
Convert -233040 (base 5) to base 8.
-20510
What is 1001110111 (base 2) in base 6?
2531
Convert -2ee (base 16) to base 9.
-1023
3341 (base 5) to base 12
333
210211 (base 3) to base 15
294
-1021 (base 6) to base 3
-22111
-4121 (base 12) to base 16
-1ba9
110110010 (base 2) to base 11
365
What is 10101100110110 (base 2) in base 3?
120011201
What is -6a4 (base 11) in base 5?
-11330
Convert -4596 (base 11) to base 12.
-35aa
24340 (base 10) to base 6
304404
-1714 (base 10) to base 5
-23324
Convert 66c (base 15) to base 2.
10110101100
Convert 2382 (base 10) to base 14.
c22
What is -946 (base 11) in base 5?
-14024
What is -4452 (base 9) in base 14?
-12ab
-b9d (base 14) to base 15
-a30
-11111001 (base 2) to base 10
-249
-12112 (base 3) to base 11
-126
What is -42436 (base 7) in base 13?
-4a29
What is -15a (base 11) in base 8?
-272
Convert 4432 (base 5) to base 8.
1151
-160 (base 9) to base 15
-90
What is 29b17 (base 13) in base 8?
231666
What is 63 (base 8) in base 14?
39
560 (base 13) to base 6
4135
What is -101101001000110 (base 2) in base 11?
-163aa
What is 184 (base 11) in base 6?
553
What is -274 (base 15) in base 6?
-2331
2021344 (base 5) to base 10
32724
-12498 (base 11) to base 4
-10113212
What is -4522 (base 15) in base 2?
-11100101000001
Convert 503 (base 10) to base 9.
618
Convert -33356 (base 8) to base 6.
-145034
Convert 14583 (base 9) to base 12.
5919
Convert 3e7 (base 16) to base 2.
1111100111
What is -6342 (base 7) in base 10?
-2235
-7091 (base 15) to base 14
-8933
46106 (base 8) to base 10
19526
Convert -316 (base 7) to base 12.
-114
Convert 1222 (base 10) to base 9.
1607
Convert -418 (base 11) to base 5.
-4003
Convert 276 (base 11) to base 10.
325
Convert 27174 (base 10) to base 2.
110101000100110
What is 6c33 (base 14) in base 7?
105663
Convert 30003 (base 6) to base 14.
15bd
What is 10233 (base 4) in base 6?
1223
What is -2 (base 9) in base 3?
-2
What is 211221121 (base 3) in base 16?
4159
18c2 (base 13) to base 6
25055
What is -43d6 (base 16) in base 6?
-212222
Convert 22143 (base 10) to base 9.
33333
-1020112 (base 3) to base 9
-1215
What is 339a (base 11) in base 12?
2701
-2512 (base 13) to base 8
-12206
What is -43651 (base 9) in base 15?
-88ad
What is -1415 (base 9) in base 16?
-42b
Convert -344343 (base 6) to base 15.
-8b26
-1112201101 (base 3) to base 10
-30412
-11100011 (base 3) to base 7
-12136
What is 263300 (base 7) in base 11?
33a64
Convert -3532 (base 6) to base 9.
-1142
-9abb (base 12) to base 8
-41357
What is -1647 (base 8) in base 6?
-4155
1603 (base 14) to base 6
30055
What is 509 (base 16) in base 13?
782
Convert -38740 (base 9) to base 7.
-136101
What is -2123021 (base 4) in base 15?
-2e1e
Convert 5631 (base 10) to base 13.
2742
Convert 5803 (base 9) to base 4.
1003020
Convert -13313 (base 6) to base 8.
-4015
What is 1011010010 (base 2) in base 11?
5a7
What is 1132 (base 6) in base 10?
272
What is -95 (base 16) in base 7?
-302
-1023012 (base 4) to base 5
-123211
Convert 2b0 (base 12) to base 8.
644
-1001011001 (base 2) to base 5
-4401
What is -7727 (base 8) in base 15?
-1305
Convert 199 (base 13) to base 16.
127
What is 10112021 (base 3) in base 7?
10333
What is 480 (base 14) in base 5?
12041
Convert 1211201 (base 3) to base 8.
2476
1210101 (base 3) to base 16
51a
What is -130 (base 7) in base 2?
-1000110
-35345 (base 6) to base 2
-1001111110001
Convert -4540 (base 6) to base 15.
-4b3
1082 (base 13) to base 3
10011022
Convert -28b1b (base 12) to base 13.
-1cb92
What is -101101010 (base 2) in base 6?
-1402
Convert 10210110 (base 3) to base 8.
5316
Convert 333 (base 9) to base 14.
157
Convert 1110001000101 (base 2) to base 6.
53301
Convert 101111011 (base 2) to base 9.
461
136704 (base 9) to base 14
226cd
What is 65 (base 15) in base 11?
87
What is -3640 (base 15) in base 10?
-11535
-147a4 (base 11) to base 2
-101000110111110
What is -31210 (base 4) in base 8?
-1544
44050 (base 7) to base 14
4027
6661 (base 15) to base 13
9b47
Convert 10020010 (base 3) to base 4.
210300
What is -23030231 (base 4) in base 12?
-22665
Convert -7dd1 (base 16) to base 4.
-13313101
What is -1111 (base 5) in base 16?
-9c
What is -606 (base 8) in base 2?
-110000110
Convert -22110 (base 6) to base 5.
-44231
-1522 (base 9) to base 12
-802
Convert -13c7c (base 13) to base 11.
-26014
Convert 110000100 (base 2) to base 6.
1444
What is 31203023 (base 4) in base 16?
d8cb
10221 (base 5) to base 9
842
Convert -9b (base 13) to base 14.
-92
2021220 (base 3) to base 16
687
What is -13221 (base 5) in base 14?
-55b
What is -140433 (base 5) in base 3?
-21212201
679 (base 13) to base 11
923
-4080 (base 10) to base 12
-2440
What is 5640 (base 7) in base 8?
3765
Convert 4ba3 (base 12) to base 11.
6526
Convert -2cb1 (base 15) to base 11.
-7252
-100000001100010 (base 2) to base 5
-1011412
What is -5283 (base 14) in base 11?
-a764
110032 (base 4) to base 3
1202221
Convert 2109 (base 15) to base 13.
3243
55510 (base 7) to base 5
421342
Convert 14512 (base 11) to base 5.
1124313
Convert 110010001 (base 2) to base 10.
401
Convert -2449a (base 12) to base 7.
-263041
42 (base 13) to base 5
204
Convert 2212 (base 14) to base 10.
5896
What is 21311222 (base 4) in base 2?
1001110101101010
3040 (base 5) to base 14
203
-332101 (base 4) to base 13
-1a77
What is 1000011001 (base 2) in base 9?
656
-848 (base 10) to base 5
-11343
What is 20271 (base 9) in base 16?
3424
23410 (base 5) to base 10
1730
What is 11012 (base 7) in base 6?
20425
What is -6027 (base 9) in base 15?
-1484
-15e (base 15) to base 4
-10322
-111121 (base 5) to base 7
-14255
Convert 3601 (base 7) to base 2.
10100101100
Convert 21311 (base 4) to base 7.
1556
66c (base 13) to base 14
58c
-114 (base 9) to base 11
-86
What is -11101010 (base 2) in base 3?
-22200
-cda0 (base 14) to base 9
-53763
-17c (base 16) to base 4
-11330
Convert 1f2 (base 16) to base 6.
2150
Convert -290 (base 15) to base 8.
-1111
Convert 3665 (base 7) to base 14.
6dc
115255 (base 8) to base 14
10605
bb (base 12) to base 5
1033
Convert -11112 (base